the remainder when 438 is divided by 217056/1976 - 4/(-26).
108
Let u = 145 + -106. Let t = u + -4. Calculate the remainder when t is divided by 9.
8
Let u be (4/(-1) - -2) + 2. Suppose u = -3*y + 4*p + 5, -5*p + 11 = -0*y + 2*y. Calculate the remainder when ((-12)/5)/((-15)/50) is divided by y.
2
Suppose 0 = 80*h - 67*h - 390. What is the remainder when 418 is divided by h?
28
Let y = -65 - -144. Suppose 100 = 4*u - 8. What is the remainder when y is divided by u?
25
Suppose -3*a - 5*r + 34 = 0, 3*r - 40 = -2*a + 4*r. What is the remainder when 33 is divided by a?
15
What is the remainder when 134 is divided by (96/(-10))/(-7 - 238/(-35))?
38
Suppose 0 = -9*w + 5*w + 92. Suppose l + 6 = w. Calculate the remainder when 50 is divided by l.
16
Let o(t) = 14*t**2 + 2*t + 1. Calculate the remainder when o(-2) is divided by 27.
26
Let m be ((-44)/(-8))/((-2)/(-4)). Let f(l) = -l + 19. Let i be f(m). Suppose 64 = -4*w + i*w. What is the remainder when 61 is divided by w?
13
Let p(b) = 165*b - 72. Calculate the remainder when 192 is divided by p(1).
6
Let i(k) = -2*k**2 - 33*k - 18. Let r(a) = 3*a**2 + 50*a + 27. Let s(m) = 8*i(m) + 5*r(m). Calculate the remainder when 75 is divided by s(-6).
36
Suppose -y - 66 = -4*y. Suppose -i = -5*i - 16. What is the remainder when i/10 + 1288/20 is divided by y?
20
Let l(y) = 59*y**3 - 2*y**2 + y. What is the remainder when l(1) is divided by 19/76*96/4?
4
Suppose 0*h = 2*h - 42. Calculate the remainder when -40*3/(-9)*36/8 is divided by h.
18
Let t(j) = -j**3 - j + 3. Let i be t(0). Suppose -i*l - 13 = -4*l. Calculate the remainder when 35 is divided by l.
9
Let c(l) = l**2 + 19*l + 24. Calculate the remainder when c(0) is divided by 6.
0
Let c = 902 + -746. Calculate the remainder when c is divided by 27.
21
Suppose 9*t = -t + 340. What is the remainder when 135 - (-1 + (2 - 0)) is divided by t?
32
Let q(h) = 28 - 1 - 5*h + 4*h. What is the remainder when 942/24 + (-1)/4 is divided by q(13)?
11
Let w = 1208 - 1203. Calculate the remainder when 39 is divided by w.
4
Suppose 2*k - 16 = -3*o, o + o = -2*k + 12. Suppose -5*r + 2 + 23 = 0. Let v = -2 + r. What is the remainder when v is divided by k?
1
Suppose 1964 = -12*p + 9680. Calculate the remainder when p is divided by 46.
45
Let u(p) = 13*p**3 - 3*p**2 + 4*p - 3. Let q be u(2). Suppose -4*o + 382 = 5*c, -5*o + 2*c - q = -6*o. Calculate the remainder when o is divided by 16.
13
Suppose 263*z - 265*z + 334 = 0. Calculate the remainder when z is divided by 10.
7
Suppose 3*w - 5*k = -k - 182, 201 = -4*w - 3*k. Let f = w + 76. What is the remainder when (81 + 1)/(1 + 1) is divided by f?
19
Let x = -49 + 104. What is the remainder when 12 is divided by (x/(-66))/((-1)/6)?
2
Suppose -s - 11 + 15 = 0. Suppose -4*c + 68 = -12. What is the remainder when ((-4)/(-12))/(s/696) is divided by c?
18
What is the remainder when ((-2330)/(-65))/1 + (-46)/(-299) is divided by 20?
16
Let d(t) = -t + 10. Let c be d(6). Let k = -9 - -13. Suppose c*v - 4 = k*g, 2*g + g = 5*v - 11. Calculate the remainder when 7 is divided by v.
3
Let z = -9 + -5. Let t = z - -6. What is the remainder when 11 is divided by (-12)/1*4/t?
5
Calculate the remainder when 24/(-14)*(-19)/((-570)/(-1365)) is divided by 11.
1
Suppose -d - 2*d = -k - 22, 5*d = -4*k + 14. Calculate the remainder when 23 is divided by d.
5
Suppose -5*j = -g + 5*g - 25, -4*g = j - 21. Suppose f = g*f - 228. Suppose 0 = 4*d - f - 19. Calculate the remainder when 74 is divided by d.
17
Let u be (-2)/(-11) - (-819)/33. Suppose 0 = -3*n - 7 + u. Suppose 5 = f - n. What is the remainder when f is divided by 6?
5
Suppose 4*i - f = 35, 44 = 3*i + i - 4*f. What is the remainder when 29 is divided by i?
5
Let p be (3/6)/((-3)/96). Let n = 20 + p. What is the remainder when n is divided by 2?
0
Suppose -5*p = -2*j + 18 + 15, 4*p + 24 = 4*j. What is the remainder when 22 is divided by 4/p + (-276)/(-42)?
4
What is the remainder when 20 is divided by (15/20*8)/(2/2)?
2
Suppose -u + 46 + 30 = 0. What is the remainder when u is divided by 17?
8
Let p(z) = -z**3 + 6*z**2 - 2*z - 4. Let v be (3 - 1) + -10 + 7. Let q be (0 + v)/((-1)/5). Calculate the remainder when p(q) is divided by 3.
2
Let g(o) = o**3 - 7*o**2 + 10*o - 7. Let r = 2569 + -2486. What is the remainder when r is divided by g(6)?
15
Let s be (-9)/(-4) + 1/(-4). Suppose 4*y = -7*j + s*j + 49, -j + y + 8 = 0. Calculate the remainder when 13 is divided by (-34)/(-8) - j/(-12).
3
Let w(m) = 90*m - 272. What is the remainder when w(7) is divided by 90?
88
Suppose -8 = h + 25. What is the remainder when 51 is divided by (-897)/h - 20/110?
24
Calculate the remainder when 35 is divided by (-6)/4*17/(187/(-22)).
2
Suppose -6*d = -9*d + 2*v - 22, -4*d - 28 = -2*v. Let j = -12 + 24. Let n = j + d. Calculate the remainder when 10 is divided by n.
4
Let n = -16 + 22. Let j = 42 - -15. Suppose j + 11 = 4*a. Calculate the remainder when a is divided by n.
5
Suppose 3*i - b - 13 = 0, b + 9 = -3*i + 5*i. Suppose 0*g = 2*g - i. Suppose 0 = g*p - 44 - 0. What is the remainder when p is divided by 6?
4
Suppose 2*z = 23 + 7. Calculate the remainder when 66 is divided by z/1*24/20.
12
Let b(i) = 3*i**3 - i**2 + i + 2. Let h be b(-3). Let q = h + 171. What is the remainder when q is divided by 27?
26
Suppose -14*p - 6*p = -680. Calculate the remainder when p is divided by 12.
10
Let c = -3557 + 3587. Calculate the remainder when (-18 - -1)/((-1)/7) is divided by c.
29
Let o = 1151 + -1088. What is the remainder when o is divided by 17?
12
Suppose -5*p + 26 = -3*p. Let u be -12*7/(-2) + (-72)/18. Suppose 51 = q + 2*j, u = 5*q - 5*j - 217. What is the remainder when q is divided by p?
12
Suppose -a = -38 - 71. Suppose -3*c - 2*g = 9 + a, c + 2*g + 34 = 0. Let v = c + 87. What is the remainder when v is divided by 12?
9
Let t = 46 + -131. Let m = t + 136. What is the remainder when m is divided by ((-2)/3)/(2/(-39))?
12
Suppose 317 = 2*h + 283. Calculate the remainder when h is divided by (-2)/4 - 26/(-4).
5
Let f = -238 + 163. Calculate the remainder when ((-26)/65)/(1/f) is divided by 11.
8
Let p(l) = 54*l + 147. Calculate the remainder when p(9) is divided by 5.
3
Suppose -1 = -w - 2, w = -2*a - 17. Let c = a + 25. Suppose 2*x = -3*r + 53, -3*r = 4*x + 2*r - 109. Calculate the remainder when x is divided by c.
14
Suppose b = -0*c - 4*c + 35, -5*c - b = -43. Let d(z) = -3*z - 5. Calculate the remainder when c is divided by d(-4).
1
Let k(m) = 3*m - 3. Let q be k(3). Suppose -2*x - 76 = -q*x. Calculate the remainder when x is divided by 4.
3
Suppose -9*l + 176 = -202. What is the remainder when 163 is divided by l?
37
Let b = 766 + -500. Let p = b + -206. Let c = 76 - 45. Calculate the remainder when p is divided by c.
29
Suppose -i = 4*r - 14, 5*i - 4*r - 36 = 10. Let h = -31 - -16. What is the remainder when -66*6/h - 9/(-15) is divided by i?
7
Let d(p) = -p**3 + 6*p**2 - 3*p - 14. Let o be d(5). Calculate the remainder when (-2)/(2*-1)*1 is divided by (-2)/o - (-4)/8.
0
Let y be (2 + -19)/(-1*2/(-6)). Let d = -48 - y. Let s = 5 + -2. Calculate the remainder when d is divided by s.
0
What is the remainder when (3/(-2) + 2)/(7/854) is divided by (-84)/(-10)*15/6?
19
Suppose -260 = -4*w - 4*u, -w = -6*w - 3*u + 315. What is the remainder when w is divided by 16?
12
Suppose -9*g + 4*g = 0. Suppose -f - 2*p - 2*p = -13, g = 2*p. What is the remainder when 59 is divided by f?
7
Let j be -4*4/(-10)*(-10)/4. Let u(d) be the second derivative of -d**3 - 3*d**2/2 - d. Calculate the remainder when 40 is divided by u(j).
19
Let r be (72/(-1))/((-9)/24). Suppose 7*x = 3*x + r. What is the remainder when x is divided by 13?
9
Let p be (-1)/((-13)/6 - -2). Let k = p + 41. Suppose 31 = 3*g - 5. What is the remainder when k is divided by g?
11
Suppose 7*v = 4*v + 204. Let d = 74 - v. Calculate the remainder when d is divided by 3.
0
Let q(i) = -i + 30. Let w(p) = -97*p**2. Let l be w(-1). Calculate the remainder when q(0) is divided by (-5)/30 - l/6.
14
Suppose -48*o + 50*o - 36 = 0. Calculate the remainder when o is divided by 5*(3 - 2) - -2.
4
Suppose 5*m + 46*w - 609 = 49*w, 5*m = 4*w + 607. What is the remainder when 2703 is divided by m?
120
Suppose -11 = -z + 4*i + 6, z + 2*i - 35 = 0. Let x = 15 - 7. What